 16*h - 699. What is the tens digit of h?
8
Let t be 9/(-2)*(-2352)/63. Let d = -161 + t. What is the units digit of d?
7
What is the hundreds digit of -9*(-12)/(-27)*(-6250)/4?
2
Suppose 388926 + 321036 + 106098 = 29*p. What is the units digit of p?
0
Let k = 3 + 8. Suppose -4*u = -k*u - 1008. What is the hundreds digit of (u/(-10))/((42/(-80))/(-7))?
1
Let y = -24351 + 35352. What is the units digit of y?
1
Let l(v) = v + 7. Let b be l(-2). Suppose -3*n - b*s + 1337 = n, -s = 3. What is the hundreds digit of n?
3
Let l = 804 - 380. Let k = l + 300. What is the units digit of k?
4
Suppose 0 = 3*r + 5*i - 21646, 2*r + 0*r + 2*i - 14424 = 0. What is the hundreds digit of r?
2
Let m(c) = 430*c + 528. What is the units digit of m(6)?
8
What is the thousands digit of 10190108/1467 - 4/18?
6
Let l(k) = 6*k**2 - 27*k + 95. Let h(v) = -5*v**2 + 28*v - 93. Let d(z) = -4*h(z) - 3*l(z). What is the units digit of d(22)?
3
Suppose -i - 1677 + 4166 = 0. What is the thousands digit of i?
2
What is the hundreds digit of 6/63 + (-7733790)/(-945)?
1
Let o(c) = -3*c**2 + 10*c + 41. Let g(f) = f**2 - 5*f - 20. Let b(q) = -7*g(q) - 3*o(q). What is the units digit of b(10)?
7
Suppose -17*z = -3286 - 45419. Suppose -4*p = -2*f - 5726, 7*f - z = -2*p + 6*f. What is the tens digit of p?
3
Suppose 13*c = 16 + 205. Suppose -8*n - c*n = -33950. What is the thousands digit of n?
1
Let m be 1/1 + -6 - (11 + 850). Let w = -767 - m. What is the units digit of w?
9
Suppose -8596 - 6516 = -2*k - 4*v, -5*k - 2*v = -37812. What is the units digit of k?
4
Let a be 3072/(-30)*(-180)/2. What is the units digit of a/240 + (-1)/((-5)/(-2))?
8
Suppose 0 = -338*n + 6135417 - 1237510 + 1134717. What is the tens digit of n?
4
Let u(y) = -9*y - 4 - 7 - 3 - 87*y. What is the hundreds digit of u(-2)?
1
Let l be ((-3)/2)/((-11)/22). Let f(h) = 4*h - 5. Let i be f(l). Suppose 0 = -6*k + i*k - 76. What is the tens digit of k?
7
Let j = 8781 + -1496. What is the tens digit of j?
8
Let s = -47 + 85. Let c(l) = 45 - s*l + 15*l + 16*l. What is the tens digit of c(-11)?
2
Suppose 1252 = -3*q - 2*d + 7093, q - 1951 = -2*d. Suppose -10*a + q = -5*a. What is the tens digit of a?
8
Let c(t) = -11*t**3 - 2*t**2 - 5*t - 3. Let g be c(-4). Suppose -s + 1151 = 5*a, -2*a + 5*a = -s + g. Suppose -11*n + a = -8*n. What is the units digit of n?
7
Suppose 0 = b - 3*x + x + 108, 196 = -2*b - x. Let t = b + 298. What is the hundreds digit of t?
1
What is the thousands digit of (-17)/(-2) + -7 - 8946/(-4)?
2
Let i(p) = -2085*p**3 + 5*p**2 + 18*p + 4. What is the thousands digit of i(-2)?
6
Let u = 769 - -743. What is the thousands digit of u?
1
Let c(r) = 5*r**2 - 19*r + 7. Let w(q) = q**2 + 14*q + 36. Let t be w(-10). What is the hundreds digit of c(t)?
1
Suppose 82*a - 33815 = 81*a. What is the thousands digit of a?
3
Suppose -143*x - 74229 = -222851 - 79749. What is the thousands digit of x?
1
Suppose -5*v - z = -28, z + 10 = 3*v - 2. Suppose -y - 1555 = -3*y + v*u, y + 2*u - 773 = 0. What is the units digit of y?
5
Let g = -45 - -57. Let h(f) = -f**3 + 11*f**2 + 21*f + 14. Let b be h(g). Suppose -18*d + 302 = b. What is the units digit of d?
0
Let h(j) = 7*j**3 - 3*j**2 - 12*j + 49. Let u be h(3). Let x = u + 394. What is the units digit of x?
9
What is the hundreds digit of 139435/75 - (-34)/(-255)?
8
Let z(k) = -38*k**3 - 14*k**2 + 9*k + 10. What is the thousands digit of z(-13)?
1
Let h = -21559 + 50668. What is the thousands digit of h?
9
What is the hundreds digit of 9640/(-723)*(-53829)/12?
8
Let n(q) = 3*q**3 - 11*q**2 + 2*q + 23. Let t be n(7). Suppose 4*z - 221 = t. What is the tens digit of (-6 - -4) + (-1 - -3) + z?
8
Suppose -6*v - 9 + 369 = 0. Let k(r) = -r - 54 + v - r**2 + 21*r. What is the hundreds digit of k(11)?
1
Let h = -38 + 43. Suppose -h*v + 441 = -74. Let w = v - 55. What is the units digit of w?
8
Let h(w) = -3*w - 2. Let t be h(-10). Let g = t + -31. What is the hundreds digit of (-11)/(-33) + (-329)/g?
1
Suppose 2*t - 7*m + 3 = -4*m, -4*t + 5*m - 3 = 0. Suppose w = -t*x + 1495, 0 = -4*x + 7*x - 4*w - 1505. What is the units digit of x?
9
Suppose 0 = -214*h + 682807 + 991957. What is the units digit of h?
6
Let m(w) = 11027*w**3 + 3*w**2 - 7*w + 5. Let d be m(1). Suppose d = 17*t - 5*t. What is the hundreds digit of t?
9
Let w(r) = 0*r**3 + 6*r + 5*r**2 + 4*r**3 + 4 + 0*r + 10*r**3. Let b be w(-2). Let x = 128 - b. What is the units digit of x?
8
Let m = 9433 - 5501. What is the hundreds digit of m?
9
Suppose s - v - 28 = 0, -27 + 4 = -s + 2*v. Suppose c - 38216 = -s*c. What is the hundreds digit of c?
1
Let u be (36/6 - 13) + -8. What is the hundreds digit of (25/u)/(1059/531 - 2)?
2
Let b = -29 + 48. Let c be (b/1)/(-2 + (-2 - -5)). Suppose 17*f - c*f + 196 = 0. What is the units digit of f?
8
Let f(h) be the third derivative of h**4/12 + 8*h**3 - 50*h**2. Let n be f(-22). Suppose 649 = n*v - 43. What is the units digit of v?
3
Suppose 6*y = -8644 - 290. Let s = y + 2142. What is the tens digit of s?
5
Let f(l) = 10*l**2 + 29*l - 352. What is the hundreds digit of f(-84)?
7
Let s(k) = -22896*k**3 + k**2 - k - 2. Let o be s(-1). Suppose -6*q + o = 6*q. Suppose 3*z - q = -9*z. What is the units digit of z?
9
Let a be 3/9*(-74 + (-2)/2). Let z(l) = l + 28. Let r be z(a). Suppose -5*f = r*q - 4*q + 46, q - 2*f - 61 = 0. What is the tens digit of q?
7
Suppose -20166 = -3*j + 3*z, -2*j - z = -12816 - 643. What is the hundreds digit of j?
7
Suppose 77*p - 74*p + 15 = 0. Let a(r) = 26*r**2 + 14*r + 16. What is the units digit of a(p)?
6
Let p(m) = -4057*m - 328. What is the units digit of p(-3)?
3
Let p(o) = 5*o**2 + 4*o + 4. Let v be p(-3). Suppose -219 = -v*c + 36*c. What is the tens digit of c?
1
Suppose 3*p - 60 = -3*p. Suppose 16*a - 17*a - p = 0. What is the units digit of 5/a*-4 - (-74)/2?
9
Let t = -1963 - -1946. Let j(o) = 6*o + 2. Let r be j(3). Let z = t + r. What is the units digit of z?
3
Suppose -5*p + 79879 = 2*o, 82*o + p + 119878 = 85*o. What is the ten thousands digit of o?
3
Let d = 218446 - 154871. What is the hundreds digit of d?
5
Suppose 2*s - 10465 = 6*g - 4011, s + 3*g - 3245 = 0. What is the hundreds digit of s?
2
Let a be -4 + 4 + 38*10. Suppose -30*f = -36*f + 1068. Let h = a - f. What is the hundreds digit of h?
2
Let r = 5827 + 1974. What is the hundreds digit of r?
8
Let v = 53228 - 26711. What is the hundreds digit of v?
5
Let b(v) = v**3 + v**2 - 17 - 11*v**2 + 19 + 2*v**2 - 9*v. What is the units digit of b(10)?
2
Let g(j) = j**2 + 29*j + 82. Let x be g(-26). Suppose 0 = -5*c + x*s + 2876, 1724 = 7*c - 4*c - 2*s. What is the tens digit of c?
7
Let n(b) = 7732*b**2 - 14*b - 10. What is the hundreds digit of n(1)?
7
What is the tens digit of (-2 - -2) + -12 + (28458 - (5 + -18))?
5
Let f be (1 - -2)/(55/20 + -2). Let d be -2 - (-3 + f - 3). Let s(w) = 3*w + 47. What is the units digit of s(d)?
7
Let h(x) = 549*x**2 + 887*x - 10. What is the ten thousands digit of h(5)?
1
Let n(o) be the second derivative of -9*o**3 - 11*o**2/2 + 82*o. What is the tens digit of n(-3)?
5
Let m = 3187 + 4285. What is the thousands digit of m?
7
Let l(m) = -28*m - 307. Let f be l(-6). Let s = 419 + f. What is the hundreds digit of s?
2
Let b be 2 - (3 + (-4 - -2))*28. Let c(u) = 114*u**2 + 2*u - 1. Let x be c(1). Let d = b + x. What is the tens digit of d?
8
Suppose 360*y = 259*y + 3557624. What is the units digit of y?
4
Suppose -63*t = -646143 - 264963. What is the units digit of t?
2
Let w = -11487 + 20205. Suppose 3612 = -6*a + w. What is the hundreds digit of a?
8
What is the hundreds digit of ((-2)/(-18))/(3/(-6)) - 176422/(-18)?
8
Let t(w) = -28*w - 398. Let k(l) = -15*l - 199. Let y(s) = -7*k(s) + 4*t(s). What is the tens digit of y(-31)?
1
Suppose 4*t = 3*x + 41, 3*t + 0*x = -x + 47. What is the units digit of 117/27*3*(t + 2)?
8
Suppose u + 2*z - 5*z + 13 = 0, 14 = -3*u + 4*z. Suppose -1 + 13 = u*v. Suppose -v*b + 2*b = -348. What is the units digit of b?
7
Suppose 0 = -67*u + 39*u - 8428. What is the tens digit of 1/3*43/(u/(-2478))?
1
Let c be (3 - 4) + 0 + 248 + -3. Let j = c - 40. What is the hundreds digit of j?
2
Suppose 4*s - 76 = -2*u, 11*u = 3*s + 9*u - 64. Suppose -s*j + 13100 = 5*j. What is the tens digit of j?
2
Let b(x) = -21 - 81*x - 79*x + 164*x. L